{"id":126,"date":"2025-05-05T15:03:30","date_gmt":"2025-05-05T15:03:30","guid":{"rendered":"https:\/\/inegocios.com.br\/afiliados\/?page_id=126"},"modified":"2025-05-30T14:17:03","modified_gmt":"2025-05-30T14:17:03","slug":"ilovepdf","status":"publish","type":"page","link":"https:\/\/inegocios.com.br\/afiliados\/ilovepdf\/","title":{"rendered":"iLovepdf"},"content":{"rendered":"<h1 class=\"home-title__title\"><a href=\"https:\/\/www.ilovepdf.com\/pt\/\">Ferramentas online para os amantes de PDF<\/a><\/h1>\n<p class=\"home-title__subtitle\">Ferramenta online e completamente gratuita para juntar PDF, dividir PDF, comprimir PDF, converter documentos Office para PDF, convers\u00e3o de PDF para JPG, e JPG para PDF. N\u00e3o requer instala\u00e7\u00e3o.<\/p>\n<p><a href=\"https:\/\/www.ilovepdf.com\/pt\/\"><img loading=\"lazy\" decoding=\"async\" class=\"size-full wp-image-478 aligncenter\" src=\"https:\/\/inegocios.com.br\/afiliados\/wp-content\/uploads\/2025\/05\/ilovepdf.png\" alt=\"\" width=\"800\" height=\"592\" \/><\/a><\/p>\n","protected":false},"excerpt":{"rendered":"<p>Ferramentas online para os amantes de PDF Ferramenta online e completamente gratuita para juntar PDF, dividir PDF, comprimir PDF, converter documentos Office para PDF, convers\u00e3o de PDF para JPG, e JPG para PDF. N\u00e3o requer instala\u00e7\u00e3o.<\/p>\n","protected":false},"author":1,"featured_media":0,"parent":0,"menu_order":0,"comment_status":"closed","ping_status":"closed","template":"","meta":{"footnotes":""},"class_list":["post-126","page","type-page","status-publish","hentry"],"_links":{"self":[{"href":"https:\/\/inegocios.com.br\/afiliados\/wp-json\/wp\/v2\/pages\/126","targetHints":{"allow":["GET"]}}],"collection":[{"href":"https:\/\/inegocios.com.br\/afiliados\/wp-json\/wp\/v2\/pages"}],"about":[{"href":"https:\/\/inegocios.com.br\/afiliados\/wp-json\/wp\/v2\/types\/page"}],"author":[{"embeddable":true,"href":"https:\/\/inegocios.com.br\/afiliados\/wp-json\/wp\/v2\/users\/1"}],"replies":[{"embeddable":true,"href":"https:\/\/inegocios.com.br\/afiliados\/wp-json\/wp\/v2\/comments?post=126"}],"version-history":[{"count":4,"href":"https:\/\/inegocios.com.br\/afiliados\/wp-json\/wp\/v2\/pages\/126\/revisions"}],"predecessor-version":[{"id":487,"href":"https:\/\/inegocios.com.br\/afiliados\/wp-json\/wp\/v2\/pages\/126\/revisions\/487"}],"wp:attachment":[{"href":"https:\/\/inegocios.com.br\/afiliados\/wp-json\/wp\/v2\/media?parent=126"}],"curies":[{"name":"wp","href":"https:\/\/api.w.org\/{rel}","templated":true}]}}