{"id":1541,"date":"2025-11-02T13:37:24","date_gmt":"2025-11-02T16:37:24","guid":{"rendered":"https:\/\/inegocios.com.br\/afiliados\/?page_id=1541"},"modified":"2025-12-17T20:47:09","modified_gmt":"2025-12-17T23:47:09","slug":"negocios","status":"publish","type":"page","link":"https:\/\/inegocios.com.br\/afiliados\/negocios\/","title":{"rendered":"Negocios"},"content":{"rendered":"<div id=\"attachment_1700\" style=\"width: 303px\" class=\"wp-caption alignleft\"><img loading=\"lazy\" decoding=\"async\" aria-describedby=\"caption-attachment-1700\" class=\"size-full wp-image-1700\" src=\"https:\/\/inegocios.com.br\/afiliados\/wp-content\/uploads\/2025\/11\/plano_integrado-1.jpg\" alt=\"\" width=\"293\" height=\"276\" \/><p id=\"caption-attachment-1700\" class=\"wp-caption-text\">iNegocios<\/p><\/div>\n<h1>NOSSO NEG\u00d3CIO.<\/h1>\n<ul>\n<li>O <strong>iNeg\u00f3cios<\/strong> \u00e9 uma rede de integra\u00e7\u00e3o de neg\u00f3cios, onde empresas e profissionais podem se conectar entre si e gerar resultados concreto.<\/li>\n<li>Cada empresa afiliada na plataforma gera uma cota de 20.000 tokens digital (TAL * Talento);\u00a0 Esses tokens representa a presen\u00e7a da empresa dentro do ecossistema e permite que ela participe do fluxo de monetiza\u00e7\u00e3o gerado pela rede.<\/li>\n<li>Quando uma empresa \u00e9 indicada, ela interage com outras empresas, essa atividade \u00e9 registrada e faz a distribui\u00e7\u00e3o de tokens definida pelo sistema.<\/li>\n<li>Dessa forma, cada empresa passa a ter uma cota de ativos digital que v\u00e3o gerar receita diariamente, sem a necessidade de alterar sua opera\u00e7\u00e3o atual.<\/li>\n<li>O ecossistema \u00e9 colaborativo: todos os participantes contribuem para o crescimento da rede e, ao mesmo tempo, compartilham os benef\u00edcios gerados por ela.<\/li>\n<li>O objetivo \u00e9 simples: aumentar a visibilidade dos neg\u00f3cios, ampliar as oportunidades comerciais e criar um modelo de ganho cont\u00ednuo e compartilhado para todos.<\/li>\n<\/ul>\n<hr \/>\n<p>Para demostrar como formar um ecossistema colaborativo que gere resultados reais, criamos uma tabela demonstrativa de como formar uma ampla rede de indica\u00e7\u00e3o e conex\u00e3o com mais de 130.000 empresas e como obter resultados reais compartilhado com lucros reais com <a href=\"https:\/\/inegocios.com.br\/afiliados\/indicacao\/\"><strong>APENAS DUAS INDICA\u00c7\u00c3O<\/strong><\/a> positivas de cada afiliado(a) para forma a sua rede de Neg\u00f3cios que ir\u00e3o\u00a0 <strong><a href=\"https:\/\/inegocios.com.br\/afiliados\/cripto-ativos\/\" target=\"_blank\" rel=\"noopener\">GERAR LUCROS<\/a><\/strong> e indicar (voc\u00ea) como <strong><a href=\"https:\/\/inegocios.com.br\/@inegocios\" target=\"_blank\" rel=\"noopener\">PARCEIRO(A) DE NEG\u00d3CIOS.<\/a><\/strong><\/p>\n<table style=\"border-collapse: collapse; width: 99%; height: 470px;\">\n<tbody>\n<tr style=\"height: 24px;\">\n<td style=\"width: 27.818%; height: 24px;\"><span style=\"font-size: 8pt; font-family: arial, helvetica, sans-serif;\"><strong>Semana\u00a0\u00a0<\/strong><\/span><\/td>\n<td style=\"width: 38.0246%; height: 24px;\"><span style=\"font-size: 8pt; font-family: arial, helvetica, sans-serif;\"><strong><a href=\"https:\/\/inegocios.com.br\/afiliados\/indicacao\/\" target=\"_blank\" rel=\"noopener\">Duas indica\u00e7\u00e3o<\/a><\/strong><\/span><\/td>\n<td style=\"width: 33.9505%; height: 24px; text-align: center;\"><span style=\"font-family: arial, helvetica, sans-serif; font-size: 8pt;\"><a href=\"https:\/\/inegocios.com.br\/@inegocios\"><strong>Visualiza\u00e7\u00f5es<\/strong><\/a><\/span><\/td>\n<\/tr>\n<tr style=\"height: 24px;\">\n<td style=\"width: 27.818%; height: 24px;\"><span style=\"font-size: 8pt; font-family: arial, helvetica, sans-serif;\"><strong><span style=\"color: #ff0000;\">1 dia<\/span><\/strong><\/span><\/td>\n<td style=\"width: 38.0246%; height: 24px;\"><span style=\"font-size: 8pt; font-family: arial, helvetica, sans-serif;\"><strong><span style=\"color: #ff0000;\">Ative o plano<\/span><\/strong><\/span><\/td>\n<td style=\"width: 33.9505%; text-align: center; height: 24px;\"><span style=\"font-size: 8pt; font-family: arial, helvetica, sans-serif;\"><strong><span style=\"color: #ff0000;\">Atualiza o perfil<\/span><\/strong><\/span><\/td>\n<\/tr>\n<tr style=\"height: 24px;\">\n<td style=\"width: 27.818%; height: 24px;\"><span style=\"color: #ff0000; font-size: 8pt; font-family: arial, helvetica, sans-serif;\">1 semana<\/span><\/td>\n<td style=\"width: 38.0246%; height: 24px;\"><span style=\"font-size: 8pt; font-family: arial, helvetica, sans-serif;\"><strong><span style=\"color: #ff0000;\">1 X 02<\/span><\/strong><\/span><\/td>\n<td style=\"width: 33.9505%; height: 24px; text-align: center;\"><span style=\"font-size: 8pt; font-family: arial, helvetica, sans-serif;\"><strong><span style=\"color: #ff0000;\">02<\/span><\/strong><\/span><\/td>\n<\/tr>\n<tr style=\"height: 24px;\">\n<td style=\"width: 27.818%; height: 24px;\"><span style=\"color: #ff0000; font-size: 8pt; font-family: arial, helvetica, sans-serif;\">2 semana<\/span><\/td>\n<td style=\"width: 38.0246%; height: 24px;\"><span style=\"font-size: 8pt; font-family: arial, helvetica, sans-serif;\"><strong><span style=\"color: #ff0000;\">02 X 02<\/span><\/strong><\/span><\/td>\n<td style=\"width: 33.9505%; height: 24px; text-align: center;\"><span style=\"font-size: 8pt; font-family: arial, helvetica, sans-serif;\"><strong><span style=\"color: #ff0000;\">04<\/span><\/strong><\/span><\/td>\n<\/tr>\n<tr style=\"height: 24px;\">\n<td style=\"width: 27.818%; height: 24px;\"><span style=\"color: #ff0000; font-size: 8pt; font-family: arial, helvetica, sans-serif;\">3 semana<\/span><\/td>\n<td style=\"width: 38.0246%; height: 24px;\"><span style=\"font-size: 8pt; font-family: arial, helvetica, sans-serif;\"><strong><span style=\"color: #ff0000;\">04 X 02<\/span><\/strong><\/span><\/td>\n<td style=\"width: 33.9505%; height: 24px; text-align: center;\"><span style=\"font-size: 8pt; font-family: arial, helvetica, sans-serif;\"><strong><span style=\"color: #ff0000;\">08<\/span><\/strong><\/span><\/td>\n<\/tr>\n<tr style=\"height: 24px;\">\n<td style=\"width: 27.818%; height: 24px;\"><span style=\"color: #ff0000; font-size: 8pt; font-family: arial, helvetica, sans-serif;\">4 semana<\/span><\/td>\n<td style=\"width: 38.0246%; height: 24px;\"><span style=\"font-family: arial, helvetica, sans-serif; font-size: 8pt;\"><span style=\"color: #ff0000;\"><strong>08 X <\/strong><strong>02<\/strong><\/span><\/span><\/td>\n<td style=\"width: 33.9505%; height: 24px; text-align: center;\"><span style=\"font-size: 8pt; font-family: arial, helvetica, sans-serif;\"><strong>\u00a0<span style=\"color: #ff0000;\">16<\/span><\/strong><\/span><\/td>\n<\/tr>\n<tr style=\"height: 24px;\">\n<td style=\"width: 27.818%; height: 24px;\"><span style=\"color: #000000; font-size: 8pt; font-family: arial, helvetica, sans-serif;\">5 semana<\/span><\/td>\n<td style=\"width: 38.0246%; height: 24px;\"><span style=\"font-size: 8pt; font-family: arial, helvetica, sans-serif;\"><strong><span style=\"color: #000000;\">16 X 02<\/span><\/strong><\/span><\/td>\n<td style=\"width: 33.9505%; height: 24px; text-align: center;\"><span style=\"font-size: 8pt; font-family: arial, helvetica, sans-serif;\"><strong><span style=\"color: #000000;\">32<\/span><\/strong><\/span><\/td>\n<\/tr>\n<tr style=\"height: 24px;\">\n<td style=\"width: 27.818%; height: 24px;\"><span style=\"color: #000000; font-size: 8pt; font-family: arial, helvetica, sans-serif;\">6 semana<\/span><\/td>\n<td style=\"width: 38.0246%; height: 24px;\"><span style=\"font-size: 8pt; font-family: arial, helvetica, sans-serif;\"><strong><span style=\"color: #000000;\">32 X 02<\/span><\/strong><\/span><\/td>\n<td style=\"width: 33.9505%; height: 24px; text-align: center;\"><span style=\"font-size: 8pt; font-family: arial, helvetica, sans-serif;\"><strong><span style=\"color: #000000;\">64<\/span><\/strong><\/span><\/td>\n<\/tr>\n<tr style=\"height: 24px;\">\n<td style=\"width: 27.818%; height: 24px;\"><span style=\"color: #000000; font-size: 8pt; font-family: arial, helvetica, sans-serif;\">7 semana<\/span><\/td>\n<td style=\"width: 38.0246%; height: 24px;\"><span style=\"font-size: 8pt; font-family: arial, helvetica, sans-serif;\"><strong><span style=\"color: #000000;\">64 X 02<\/span><\/strong><\/span><\/td>\n<td style=\"width: 33.9505%; height: 24px; text-align: center;\"><span style=\"font-size: 8pt; font-family: arial, helvetica, sans-serif;\"><strong><span style=\"color: #000000;\">128<\/span><\/strong><\/span><\/td>\n<\/tr>\n<tr style=\"height: 24px;\">\n<td style=\"width: 27.818%; height: 24px;\"><span style=\"color: #000000; font-size: 8pt; font-family: arial, helvetica, sans-serif;\">8 semana<\/span><\/td>\n<td style=\"width: 38.0246%; height: 24px;\"><span style=\"font-size: 8pt; font-family: arial, helvetica, sans-serif;\"><strong><span style=\"color: #000000;\">128 X 02<\/span><\/strong><\/span><\/td>\n<td style=\"width: 33.9505%; height: 24px; text-align: center;\"><span style=\"font-size: 8pt; font-family: arial, helvetica, sans-serif;\"><strong><span style=\"color: #000000;\">256<\/span><\/strong><\/span><\/td>\n<\/tr>\n<tr style=\"height: 24px;\">\n<td style=\"width: 27.818%; height: 24px;\"><span style=\"color: #ff0000; font-size: 8pt; font-family: arial, helvetica, sans-serif;\">9 semana<\/span><\/td>\n<td style=\"width: 38.0246%; height: 24px;\"><span style=\"color: #ff0000; font-size: 8pt; font-family: arial, helvetica, sans-serif;\"><strong>256 X<span style=\"color: #ff0000;\"> 02<\/span><\/strong><\/span><\/td>\n<td style=\"width: 33.9505%; height: 24px; text-align: center;\"><span style=\"color: #ff0000; font-size: 8pt; font-family: arial, helvetica, sans-serif;\"><strong>512<\/strong><\/span><\/td>\n<\/tr>\n<tr style=\"height: 24px;\">\n<td style=\"width: 27.818%; height: 24px;\"><span style=\"color: #ff0000; font-size: 8pt; font-family: arial, helvetica, sans-serif;\">10 semana<\/span><\/td>\n<td style=\"width: 38.0246%; height: 24px;\"><span style=\"font-size: 8pt; font-family: arial, helvetica, sans-serif;\"><strong><span style=\"color: #ff0000;\">512 X 02<\/span><\/strong><\/span><\/td>\n<td style=\"width: 33.9505%; height: 24px; text-align: center;\"><span style=\"font-size: 8pt; font-family: arial, helvetica, sans-serif;\"><strong><span style=\"color: #ff0000;\">1.024<\/span><\/strong><\/span><\/td>\n<\/tr>\n<tr style=\"height: 24px;\">\n<td style=\"width: 27.818%; height: 22px;\"><span style=\"color: #ff0000; font-size: 8pt; font-family: arial, helvetica, sans-serif;\">11 semana<\/span><\/td>\n<td style=\"width: 38.0246%; height: 22px;\"><span style=\"font-size: 8pt; font-family: arial, helvetica, sans-serif;\"><strong><span style=\"color: #ff0000;\">1.024 X 02<\/span><\/strong><\/span><\/td>\n<td style=\"width: 33.9505%; height: 22px; text-align: center;\"><span style=\"font-size: 8pt; font-family: arial, helvetica, sans-serif;\"><strong><span style=\"color: #ff0000;\">2.048<\/span><\/strong><\/span><\/td>\n<\/tr>\n<tr style=\"height: 24px;\">\n<td style=\"width: 27.818%; height: 24px;\"><span style=\"color: #ff0000; font-size: 8pt; font-family: arial, helvetica, sans-serif;\">12 semana<\/span><\/td>\n<td style=\"width: 38.0246%; height: 24px;\"><span style=\"font-size: 8pt; font-family: arial, helvetica, sans-serif;\"><strong><span style=\"color: #ff0000;\">2.048 X 02<\/span><\/strong><\/span><\/td>\n<td style=\"width: 33.9505%; height: 24px; text-align: center;\"><span style=\"font-size: 8pt; font-family: arial, helvetica, sans-serif;\"><strong><span style=\"color: #ff0000;\">4.096<\/span><\/strong><\/span><\/td>\n<\/tr>\n<tr style=\"height: 28px;\">\n<td style=\"width: 27.818%; height: 28px;\"><span style=\"color: #000000; font-size: 8pt; font-family: arial, helvetica, sans-serif;\">13 semana<\/span><\/td>\n<td style=\"width: 38.0246%; height: 28px;\"><span style=\"font-size: 8pt; color: #000000; font-family: arial, helvetica, sans-serif;\"><strong>4.096 X<span style=\"color: #800000;\"> 02<\/span><\/strong><\/span><\/td>\n<td style=\"width: 33.9505%; text-align: center; height: 28px;\"><span style=\"font-size: 8pt; color: #000000; font-family: arial, helvetica, sans-serif;\"><strong>8.192<\/strong><\/span><\/td>\n<\/tr>\n<tr style=\"height: 28px;\">\n<td style=\"width: 27.818%; height: 28px;\"><span style=\"color: #000000; font-size: 8pt; font-family: arial, helvetica, sans-serif;\">14 semana<\/span><\/td>\n<td style=\"width: 38.0246%; height: 28px;\"><span style=\"font-size: 8pt; color: #000000; font-family: arial, helvetica, sans-serif;\"><strong>8.192 X<span style=\"color: #800000;\"> 02<\/span><\/strong><\/span><\/td>\n<td style=\"width: 33.9505%; text-align: center; height: 28px;\"><span style=\"font-size: 8pt; color: #000000; font-family: arial, helvetica, sans-serif;\"><strong>16.384<\/strong><\/span><\/td>\n<\/tr>\n<tr style=\"height: 28px;\">\n<td style=\"width: 27.818%; height: 28px;\"><span style=\"color: #000000; font-size: 8pt; font-family: arial, helvetica, sans-serif;\">15 semana<\/span><\/td>\n<td style=\"width: 38.0246%; height: 28px;\"><span style=\"font-size: 8pt; color: #000000; font-family: arial, helvetica, sans-serif;\"><strong>16.384 X<span style=\"color: #800000;\"> 02<\/span><\/strong><\/span><\/td>\n<td style=\"width: 33.9505%; text-align: center; height: 28px;\"><span style=\"font-size: 8pt; color: #000000; font-family: arial, helvetica, sans-serif;\"><strong>32.768<\/strong><\/span><\/td>\n<\/tr>\n<tr style=\"height: 28px;\">\n<td style=\"width: 27.818%; height: 28px;\"><span style=\"color: #000000; font-size: 8pt; font-family: arial, helvetica, sans-serif;\">16 semana<\/span><\/td>\n<td style=\"width: 38.0246%; height: 28px;\"><span style=\"font-size: 8pt; color: #000000; font-family: arial, helvetica, sans-serif;\"><strong>32.768 X<span style=\"color: #800000;\"> 02<\/span><\/strong><\/span><\/td>\n<td style=\"width: 33.9505%; text-align: center; height: 28px;\"><span style=\"font-size: 8pt; color: #000000; font-family: arial, helvetica, sans-serif;\"><strong>65.536<\/strong><\/span><\/td>\n<\/tr>\n<tr style=\"height: 24px;\">\n<td style=\"width: 27.818%; height: 24px;\"><\/td>\n<td style=\"width: 38.0246%; height: 24px;\"><span style=\"font-family: arial, helvetica, sans-serif; font-size: 8pt;\">\u00a0\u00a0<strong><span style=\"color: #000000;\">TOTALIZANDO<\/span><\/strong><\/span><\/td>\n<td style=\"width: 33.9505%; height: 24px; text-align: center;\"><span style=\"font-size: 8pt; font-family: arial, helvetica, sans-serif;\"><strong><span style=\"color: #000000;\">131.072<\/span><\/strong><\/span><\/td>\n<\/tr>\n<\/tbody>\n<\/table>\n<hr \/>\n<ul>\n<li><a href=\"https:\/\/inegocios.com.br\/afiliados\/cripto-ativos\/\"><strong>Curto prazo <\/strong><strong> (1 ano):<\/strong> Estabelecer a sua rede de neg\u00f3cios com mais de 130.000 empreendedores ativos que ir\u00e3o indicar voc\u00ea como parceiro(a) de neg\u00f3cios.<\/a><\/li>\n<li><a href=\"https:\/\/inegocios.com.br\/afiliados\/duas-indicacoes\/\"><strong>Longo prazo (2 anos):<\/strong> Tornar o seu neg\u00f3cio uma refer\u00eancia e atingir o sucesso com a integra\u00e7\u00e3o de neg\u00f3cios.<\/a><\/li>\n<\/ul>\n<hr \/>\n<p style=\"text-align: left;\">Seja nosso parceiro(a) de neg\u00f3cios.<\/p>\n<p><img class=\"alignnone size-full wp-image-478\" alt=\"\" \/><img class=\"alignnone size-full wp-image-476\" alt=\"\" \/><img class=\"alignnone size-full wp-image-288\" alt=\"\" \/><img loading=\"lazy\" decoding=\"async\" class=\"wp-image-2138 size-thumbnail alignleft\" src=\"https:\/\/inegocios.com.br\/afiliados\/wp-content\/uploads\/2025\/11\/banner-thumb-150x150.png\" alt=\"\" width=\"150\" height=\"150\" srcset=\"https:\/\/inegocios.com.br\/afiliados\/wp-content\/uploads\/2025\/11\/banner-thumb-150x150.png 150w, https:\/\/inegocios.com.br\/afiliados\/wp-content\/uploads\/2025\/11\/banner-thumb-300x300.png 300w, https:\/\/inegocios.com.br\/afiliados\/wp-content\/uploads\/2025\/11\/banner-thumb-100x100.png 100w\" sizes=\"auto, (max-width: 150px) 100vw, 150px\" \/><\/p>\n<ul>\n<li style=\"list-style-type: none;\">\n<ul>\n<li><a href=\"https:\/\/inegocios.com.br\/afiliados\/plano-anual-no-credito\/\">Plano mensal. R$ 45.00 pagamento no cart\u00e3o.<\/a><\/li>\n<li><a href=\"https:\/\/inegocios.com.br\/afiliados\/plano-anual-no-pix\/\">Plano anual, R$\u00a0 400,00 pagamento a vista no PIX.<\/a><\/li>\n<\/ul>\n<\/li>\n<\/ul>\n","protected":false},"excerpt":{"rendered":"<p>NOSSO NEG\u00d3CIO. O iNeg\u00f3cios \u00e9 uma rede de integra\u00e7\u00e3o de neg\u00f3cios, onde empresas e profissionais podem se conectar entre si e gerar resultados concreto. Cada empresa afiliada na plataforma gera uma cota de 20.000 tokens digital (TAL * Talento);\u00a0 Esses tokens representa a presen\u00e7a da empresa dentro do ecossistema e permite que ela participe do [&hellip;]<\/p>\n","protected":false},"author":1,"featured_media":0,"parent":0,"menu_order":0,"comment_status":"closed","ping_status":"closed","template":"","meta":{"footnotes":""},"class_list":["post-1541","page","type-page","status-publish","hentry"],"_links":{"self":[{"href":"https:\/\/inegocios.com.br\/afiliados\/wp-json\/wp\/v2\/pages\/1541","targetHints":{"allow":["GET"]}}],"collection":[{"href":"https:\/\/inegocios.com.br\/afiliados\/wp-json\/wp\/v2\/pages"}],"about":[{"href":"https:\/\/inegocios.com.br\/afiliados\/wp-json\/wp\/v2\/types\/page"}],"author":[{"embeddable":true,"href":"https:\/\/inegocios.com.br\/afiliados\/wp-json\/wp\/v2\/users\/1"}],"replies":[{"embeddable":true,"href":"https:\/\/inegocios.com.br\/afiliados\/wp-json\/wp\/v2\/comments?post=1541"}],"version-history":[{"count":90,"href":"https:\/\/inegocios.com.br\/afiliados\/wp-json\/wp\/v2\/pages\/1541\/revisions"}],"predecessor-version":[{"id":2427,"href":"https:\/\/inegocios.com.br\/afiliados\/wp-json\/wp\/v2\/pages\/1541\/revisions\/2427"}],"wp:attachment":[{"href":"https:\/\/inegocios.com.br\/afiliados\/wp-json\/wp\/v2\/media?parent=1541"}],"curies":[{"name":"wp","href":"https:\/\/api.w.org\/{rel}","templated":true}]}}